ime number?
False
Is 229789943 prime?
False
Is 13504680005 a composite number?
True
Is 3915033563 composite?
True
Is 634077287 a composite number?
True
Is 702035833 prime?
False
Is 309212843 a prime number?
False
Is 85116974849 prime?
False
Is 4786516087 composite?
False
Is 39582232979 composite?
True
Is 18384967421 prime?
False
Is 62280769 composite?
False
Is 11062324739 a prime number?
True
Is 132851759 a composite number?
False
Is 59782089557 composite?
False
Is 2078938853 a prime number?
False
Is 36698363551 a prime number?
False
Is 19454259547 composite?
False
Is 751892459 a composite number?
False
Is 20045356823 prime?
True
Is 124496614587 prime?
False
Is 85535111 a prime number?
True
Is 1272939853 a composite number?
True
Is 5566706147 composite?
False
Is 84839832611 a prime number?
True
Is 77590173983 prime?
False
Is 140772671 a composite number?
True
Is 2342006827 a prime number?
False
Is 793582297 composite?
True
Is 5555391341 a prime number?
True
Is 19419297837 composite?
True
Is 43995883 composite?
True
Is 3704722851 prime?
False
Is 22164911533 composite?
False
Is 766991959 composite?
False
Is 35790338791 a prime number?
True
Is 32382719417 prime?
True
Is 1701957779 a prime number?
False
Is 8893241869 prime?
False
Is 38441572891 prime?
False
Is 114813061507 a prime number?
True
Is 214057302133 prime?
False
Is 374700629 a composite number?
False
Is 585571837 a composite number?
False
Is 46331507867 composite?
True
Is 59418621211 prime?
True
Is 6969793301 a composite number?
False
Is 423248107 a composite number?
False
Is 341706263 a prime number?
False
Is 5534064449 composite?
True
Is 1086669511 prime?
False
Is 36248907661 a prime number?
True
Is 3027031097 a composite number?
False
Is 305825459 a prime number?
True
Is 152806646 composite?
True
Is 1146250481 a composite number?
True
Is 3462632021 prime?
True
Is 49761784459 composite?
True
Is 1657856829 composite?
True
Is 34900912799 a composite number?
True
Is 30644638721 composite?
True
Is 2127106165 prime?
False
Is 6468722747 a composite number?
False
Is 22963908739 a composite number?
False
Is 1357881197 a prime number?
False
Is 311241871 composite?
True
Is 3164212009 a prime number?
False
Is 46688235917 a composite number?
False
Is 5915311967 a composite number?
True
Is 683024339 prime?
True
Is 13551894087 composite?
True
Is 162947 a composite number?
False
Is 13368323759 a prime number?
False
Is 4055622817 a prime number?
False
Is 61975979651 a composite number?
True
Is 16524199589 a prime number?
False
Is 159494723 prime?
False
Is 37283154683 a prime number?
False
Is 27649614401 a prime number?
False
Is 859729397 composite?
True
Is 280156427 a prime number?
False
Is 340511783 prime?
True
Is 19033520977 composite?
True
Is 4763804033 composite?
False
Is 81940795439 prime?
True
Is 76793156527 a composite number?
False
Is 23856662183 a composite number?
False
Is 55515487 composite?
True
Is 452158501 a prime number?
True
Is 2073002951 a composite number?
False
Is 226437989 prime?
True
Is 6167133131 a composite number?
False
Is 132545763439 a prime number?
True
Is 797385781 a prime number?
False
Is 924277847 prime?
True
Is 1010442061 a prime number?
False
Is 39600514819 composite?
True
Is 42138643319 prime?
True
Is 4538728329 composite?
True
Is 15717075743 composite?
False
Is 956591917 composite?
True
Is 4103684701 prime?
False
Is 5495037533 prime?
False
Is 324676391 prime?
False
Is 27636533 a prime number?
True
Is 15547837057 prime?
True
Is 23417774711 composite?
False
Is 898224139 prime?
True
Is 1667194033 a prime number?
True
Is 137496060551 composite?
False
Is 10168459667 prime?
True
Is 653467769 prime?
True
Is 31252293767 a composite number?
False
Is 13618502873 composite?
False
Is 32334205781 composite?
False
Is 16217252083 composite?
False
Is 13085974637 a prime number?
False
Is 1230603503 composite?
True
Is 6494683219 a prime number?
False
Is 22585506217 a prime number?
True
Is 22506138097 a prime number?
False
Is 423364981 a prime number?
False
Is 25316317277 composite?
False
Is 881667301 composite?
False
Is 9252290731 prime?
True
Is 11435879489 a composite number?
False
Is 333802967 a composite number?
True
Is 51080744209 composite?
True
Is 518050787 a prime number?
False
Is 3247817233 a prime number?
True
Is 9593403429 composite?
True
Is 62516119669 composite?
True
Is 231883487 prime?
False
Is 3131028991 a composite number?
True
Is 15355227971 composite?
False
Is 4247209039 composite?
False
Is 1921495823 composite?
True
Is 8463296297 composite?
False
Is 5334439837 composite?
False
Is 1197495881 a prime number?
False
Is 225246239 a prime number?
True
Is 28129730129 a prime number?
False
Is 3409585617 composite?
True
Is 646567547 a prime number?
True
Is 21116463571 a composite number?
True
Is 1547626079 a prime number?
False
Is 46232844631 a prime number?
True
Is 25619570237 composite?
True
Is 44236088543 a prime number?
True
Is 440949331 prime?
True
Is 220939827 a prime number?
False
Is 2657122489 prime?
False
Is 307430401 composite?
True
Is 11248516261 prime?
False
Is 1032439867 prime?
True
Is 15936687647 a composite number?
False
Is 6879446233 prime?
False
Is 5961714809 a composite number?
False
Is 26498329778 a composite number?
True
Is 11136433747 a prime number?
True
Is 468133327 a composite number?
False
Is 1975707091 a composite number?
False
Is 1239243181 a prime number?
False
Is 3870788567 a prime number?
True
Is 1496459947 prime?
True
Is 1686530609 a prime number?
True
Is 2771190131 a prime number?
True
Is 140045580461 a composite number?
False
Is 2739799709 prime?
True
Is 345852077 prime?
True
Is 17951181539 composite?
False
Is 4203204613 a prime number?
False
Is 3196913317 a prime number?
False
Is 10639962919 a prime number?
True
Is 15650358931 a prime number?
False
Is 2728790321 a composite number?
True
Is 1850107769 prime?
True
Is 6974251 a prime number?
True
Is 322864841 a prime number?
False
Is 833045039 prime?
False
Is 560707897 prime?
True
Is 764486143 a prime number?
False
Is 562536157 a composite number?
False
Is 34275297289 a prime number?
True
Is 14549787715 composite?
True
Is 31948333939 composite?
True
Is 4257134347 prime?
True
Is 2696884391 composite?
False
Is 35485070185 prime?
False
Is 3744766873 prime?
False
Is 124930193 a prime number?
True
Is 640256783 a composite number?
False
Is 134295371603 prime?
True
Is 224260754 prime?
False
Is 16253103377 prime?
False
Is 133774778231 a prime number?
True
Is 494936791 a prime number?
True
Is 10775494799 a prime number?
False
Is 1058967281 a prime number?
False
Is 15392535593 prime?
False
Is 39800750833 a composite number?
True
Is 2006419763 prime?
True
Is 45075623 a prime number?
True
Is 18175751957 a prime number?
False
Is 673341451 a composite number?
False
Is 577784065393 composite?
False
Is 3451560323 a composite number?
True
Is 172476136193 composite?
True
Is 7671404063 a prime number?
True
Is 108254409 composite?
True
Is 16862371181 a composite number?
True
Is 480871289 composite?
False
Is 5360479637 a prime number?
True
Is 10470766363 prime?
True
Is 3401738791 a prime number?
False
Is 210944794669 a prime number?
False
Is 72544656521 a prime number?
True
Is 605512241 a composite number?
True
Is 1456453667 a prime number?
True
Is 27711986051 a prime number?
True
Is 37313969471 composite?
False
Is 8774553173 composite?
False
Is 855860771 composite?
True
Is 38085233 prime?
False
Is 141437704451 composite?
False
Is 12196972313 a prime number?
False
Is 2679758449 a prime number?
False
Is 5023853871 a prime number?
False
Is 605475617 prime?
False
Is 7502977 a composite number?
False
Is 10239242765 prime?
False
Is 1728539139 composite?
True
Is 1186828813 prime?
False
Is 118534391 a prime number?
True
Is 82030738357 prime?
True
Is 740896061 composite?
False
Is 9177188227 composite?
True
Is 795200621 a prime number?
False
Is 1589290399 prime?
True
Is 2622153973 composite?
True
Is 9344537 prime?
True
Is 3547655351 composite?
False
Is 41269982527 a prime number?
False
Is 117271349389 composite?
False
Is 39753921679 prime?
False
Is 47859909833 composite?
True
Is 265329797 a composite number?
True
Is 8957885423 a prime number?
True
Is 99609358967 a prime number?
True
Is 1861939369 prime?
False
Is 14968595